
Convert 8537 (base 9) to base 14.
23dd
What is 8767 (base 16) in base 15?
a40d
25766 (base 9) to base 8
41762
What is -19254 (base 12) in base 11?
-2558a
Convert ca24 (base 14) to base 6.
425400
What is -cdc (base 14) in base 7?
-10265
Convert -23 (base 15) to base 13.
-27
3202 (base 14) to base 12
4baa
72374 (base 8) to base 11
20556
Convert 74020 (base 9) to base 15.
e726
What is -2d8d (base 16) in base 9?
-16886
What is -856 (base 9) in base 2?
-1010111011
-412 (base 7) to base 10
-205
What is 6524 (base 8) in base 12?
1b84
What is -a36 (base 11) in base 4?
-103201
-3010322 (base 4) to base 10
-12602
-48254 (base 9) to base 5
-2013122
Convert 1368 (base 12) to base 11.
1757
Convert 1266 (base 14) to base 9.
4374
-1c60 (base 13) to base 8
-10317
What is -72 (base 12) in base 4?
-1112
What is 121a8 (base 12) in base 15?
73ae
What is -102211110 (base 3) in base 5?
-234000
Convert -201121221 (base 3) to base 12.
-8344
Convert -221 (base 9) to base 8.
-265
What is -9589 (base 12) in base 8?
-37771
What is 23d (base 14) in base 9?
546
What is -23a (base 14) in base 6?
-2020
20aa (base 11) to base 14
102a
What is -751 (base 10) in base 9?
-1024
What is 102004 (base 5) in base 9?
4564
138a (base 11) to base 12
1054
Convert 299 (base 14) to base 2.
1000001111
Convert 34063 (base 9) to base 15.
6aa6
Convert 2030321 (base 4) to base 13.
4148
What is -20331 (base 6) in base 11?
-2052
-31232 (base 4) to base 3
-1012112
Convert 11011001111100 (base 2) to base 13.
646c
-7981 (base 10) to base 16
-1f2d
Convert 425 (base 15) to base 13.
56c
What is 153 (base 11) in base 12?
12b
What is -22101 (base 3) in base 15?
-101
What is 3b8 (base 16) in base 2?
1110111000
What is -332 (base 7) in base 13?
-101
Convert -1522 (base 7) to base 8.
-1134
223 (base 5) to base 4
333
b6b (base 12) to base 8
3203
What is 60 (base 15) in base 8?
132
-1101111100 (base 2) to base 10
-892
Convert 1122311 (base 4) to base 12.
3445
3131122 (base 4) to base 14
5242
-6a1 (base 12) to base 5
-12420
Convert 114 (base 9) to base 8.
136
What is 62c (base 14) in base 10?
1216
What is -458a (base 12) in base 14?
-2b6a
Convert 6bf1 (base 16) to base 8.
65761
-44 (base 14) to base 10
-60
-21677 (base 8) to base 11
-696a
Convert -3012000 (base 4) to base 7.
-51642
10222100 (base 3) to base 14
10b0
189 (base 12) to base 13
162
Convert -224060 (base 7) to base 9.
-60565
Convert -543 (base 8) to base 7.
-1015
What is 973 (base 13) in base 4?
121033
Convert -3442 (base 8) to base 10.
-1826
What is 1000231 (base 4) in base 16?
102d
Convert -105600 (base 8) to base 9.
-53880
What is -642 (base 8) in base 3?
-120111
Convert -197 (base 13) to base 10.
-293
What is -61061 (base 8) in base 2?
-110001000110001
Convert 10043 (base 5) to base 11.
53a
Convert -9a9 (base 13) to base 15.
-75a
What is -111011111 (base 2) in base 14?
-263
What is -d8 (base 16) in base 15?
-e6
Convert 2614 (base 11) to base 2.
110101001011
What is 588 (base 10) in base 6?
2420
Convert 120304 (base 5) to base 14.
18a2
What is 1745 (base 9) in base 16?
539
Convert 10202001 (base 3) to base 11.
2060
What is -712 (base 13) in base 16?
-4ae
-ac1 (base 13) to base 2
-11100110111
1442 (base 5) to base 6
1051
What is 169 (base 12) in base 5?
1400
Convert -c4d5 (base 14) to base 4.
-20101223
What is -2131 (base 6) in base 15?
-227
What is 17560 (base 9) in base 8?
27533
Convert 1112323 (base 5) to base 7.
111321
Convert 5459 (base 12) to base 2.
10010001000101
Convert d (base 16) to base 10.
13
345 (base 11) to base 4
12130
17516 (base 12) to base 16
8322
Convert -1113212 (base 4) to base 2.
-1010111100110
322 (base 9) to base 2
100000111
What is 10111110111101 (base 2) in base 12?
70a5
Convert -4ce (base 15) to base 12.
-772
Convert -1c1b3 (base 13) to base 16.
-d7c8
3653 (base 14) to base 13
4414
Convert 432 (base 7) to base 14.
119
4211 (base 6) to base 4
32233
60 (base 8) to base 14
36
1613 (base 7) to base 10
647
Convert 91 (base 14) to base 5.
1002
What is 111101020 (base 3) in base 13?
4593
Convert -637 (base 8) to base 5.
-3130
46245 (base 8) to base 3
222220201
Convert -b8bd (base 14) to base 16.
-7caf
1554 (base 6) to base 16
1ae
7b3 (base 15) to base 9
2346
1419 (base 10) to base 9
1846
Convert -214460 (base 7) to base 13.
-14183
50ba (base 13) to base 12
6542
What is 3b2c (base 13) in base 11?
6417
Convert 384 (base 12) to base 8.
1024
1050 (base 6) to base 3
100010
What is -1003324 (base 5) in base 2?
-11111011011001
1020202202 (base 3) to base 11
1754a
What is 45b3 (base 16) in base 2?
100010110110011
49bc (base 16) to base 15
58d6
-114213 (base 7) to base 15
-61e3
What is -2384 (base 9) in base 5?
-24102
2a80 (base 13) to base 11
4716
-321662 (base 7) to base 14
-16532
What is -11d (base 15) in base 7?
-511
What is 302 (base 9) in base 5?
1440
-81aa (base 12) to base 4
-3130102
Convert 144 (base 14) to base 12.
194
What is 26054 (base 7) in base 10?
6899
110100100101 (base 2) to base 13
16bb
-232522 (base 6) to base 3
-1000112012
What is -798 (base 13) in base 9?
-1713
What is -14681 (base 10) in base 3?
-202010202
What is 22211001 (base 3) in base 6?
45431
-261 (base 12) to base 7
-1024
-950 (base 14) to base 8
-3452
What is 7721 (base 8) in base 10?
4049
Convert -2 (base 5) to base 6.
-2
Convert 10512 (base 8) to base 11.
3364
What is 11122 (base 7) in base 12?
1761
What is -3024 (base 6) in base 10?
-664
Convert 10011111110001001 (base 2) to base 8.
237611
224030 (base 6) to base 10
19026
1423 (base 6) to base 2
101110111
What is 2141 (base 7) in base 11?
635
What is 2203 (base 6) in base 11?
421
-101031 (base 4) to base 12
-779
12001012 (base 3) to base 12
2165
-343033 (base 6) to base 7
-151035
What is 1442 (base 5) in base 15?
117
320010 (base 5) to base 11
7a94
What is 445 (base 13) in base 9?
1004
What is 464 (base 14) in base 5?
11442
Convert 1111101010101 (base 2) to base 7.
32246
7c (base 13) to base 8
147
-145 (base 8) to base 10
-101
Convert -1111110000001 (base 2) to base 16.
-1f81
What is e95f (base 16) in base 10?
59743
What is -32960 (base 10) in base 8?
-100300
What is 9016 (base 12) in base 14?
5962
-10101011112 (base 3) to base 13
-24335
Convert -202352 (base 6) to base 11.
-11129
-121211 (base 3) to base 8
-706
Convert 273 (base 11) to base 10.
322
What is 288 (base 9) in base 7?
464
Convert -3313212 (base 4) to base 11.
-109a6
Convert 4c8 (base 15) to base 9.
1438
What is -1211020 (base 4) in base 5?
-201342
Convert -12234 (base 6) to base 2.
-11100011110
Convert -21304 (base 6) to base 3.
-11000011
What is -11111003 (base 4) in base 8?
-52503
23a5 (base 14) to base 13
2aa7
12238 (base 14) to base 3
2020211110
What is 41113 (base 6) in base 14?
1dad
What is -30124 (base 5) in base 9?
-2556
Convert 100001011001100 (base 2) to base 3.
212110100
-1143 (base 9) to base 12
-5a9
-903 (base 10) to base 15
-403
What is 26 (base 11) in base 16?
1c
-2300200 (base 4) to base 6
-124144
Convert -2027 (base 8) to base 7.
-3024
1442 (base 8) to base 10
802
What is cac (base 13) in base 15?
99a
What is -1101011110111010 (base 2) in base 3?
-2210202102
Convert -100102101 (base 3) to base 5.
-204433
-101475 (base 8) to base 13
-123a5
What is 5155 (base 6) in base 14?
5c3
What is 12111200 (base 3) in base 16?
fae
-9a1 (base 16) to base 15
-ae5
Convert 3553 (base 7) to base 2.
10100100000
What is -1abb (base 14) in base 15?
-1699
What is b187 (base 12) in base 14?
7035
What is 17a6 (base 12) in base 13?
13c2
What is 2645 (base 12) in base 5?
114443
Convert a84 (base 13) to base 16.
706
Convert -1321 (base 5) to base 4.
-3103
2301232 (base 4) to base 9
16537
Convert -20111020 (base 3) to base 16.
-127b
-10112222 (base 3) to base 8
-5037
Convert 62f (base 16) to base 10.
1583
Convert 1202211 (base 3) to base 12.
8b7
What is a2b (base 16) in base 5?
40403
33544 (base 8) to base 10
14180
What is 520 (base 9) in base 10?
423
Convert -14415 (base 7) to base 11.
-2a9a
Convert 145113 (base 6) to base 15.
4290
Convert c41 (base 15) to base 9.
3707
100111100010 (base 2) to base 9
3421
Convert 29bb0 (base 13) to base 5.
10011042
What is -11100 (base 5) in base 16?
-307
Convert 83 (base 16) to base 15.
8b
1632 (base 7) to base 16
294
What is -10020 (base 5) in base 15?
-2c5
-5d99 (base 15) to base 10
-19944
Convert -225 (base 